{"id":22052,"date":"2020-02-27T16:45:21","date_gmt":"2020-02-27T15:45:21","guid":{"rendered":"http:\/\/www.funidelia.dk\/blog\/?page_id=22052"},"modified":"2024-06-24T10:38:40","modified_gmt":"2024-06-24T08:38:40","slug":"polterabend-kostumer","status":"publish","type":"page","link":"http:\/\/www.funidelia.dk\/blog\/polterabend-kostumer\/","title":{"rendered":"Polterabend"},"content":{"rendered":"<p>Tjek vores top tips til organisering af den perfekte polterabend.<\/p>\n<h3>1. Find en god lokation<\/h3>\n<p>Hvis du har nok tid og et stort nok budget, ville det ideelle scenario v\u00e6re at tilbringe en weekend v\u00e6k. Det s\u00f8rger for fuldkommen afslapning og giver dig som et plus en smule anonymitet. Farvel forlegenhed!<\/p>\n<h3>2. Forbered en liste over v\u00e6ddem\u00e5l<\/h3>\n<p>Hvis du vil have det sjovt med at f\u00e5 bruden eller brudgommen til at \u00ablide\u00bb lidt, kan du overveje at udarbejde en liste over v\u00e6ddem\u00e5l, de skal g\u00f8re i offentligheden, samt at kl\u00e6de dem ud.<\/p>\n<h3>3. Ud\u00f8deligg\u00f8r alt med fotos<\/h3>\n<p>Med smartphones og sociale medier er \u201cwhat happens in Vegas stays in Vegas\u201d langt ovre. Tag s\u00e5 mange fotos som du kan og beskyt dem med dit liv! Du ved aldrig, hvorn\u00e5r du muligvis har brug for at finde dem frem og g\u00f8re din ven forlegen.<\/p>\n<h3>4. V\u00e6lg brudgommens kostume med omhu<\/h3>\n<p>Jo mere latterlig gommens kostume er, desto sjovere bliver det. Men alt har sine gr\u00e6nser, selv dine venners forlegenhed. Inden du v\u00e6lger et kostume, vil vi anbefale at tage dig tid til at overveje, hvilken slags person din ven er. Hvis de vil elske det og b\u00e6re det med stolthed &#8211; sl\u00e5 dig l\u00f8s! Men hvis ikke, vil du ende med at \u00f8del\u00e6gge deres aften.<\/p>\n<h3>5. Husk tilbeh\u00f8ret<\/h3>\n<p>Det er klart, hvem hovedbegivenheden er, men vi vil anbefale, at hele gruppen b\u00e6rer en slags matchende memento eller tilbeh\u00f8r, bare ud af solidaritet. S\u00e5 husk at forberede noget tilbeh\u00f8r til alle til polterabenden. I ligner mere en gruppe, n\u00e5r i b\u00e6rer noget matchende, og jeres fotos vil se godt ud!<\/p>\n<h2>Ideer til Kvinders Polterabender<\/h2>\n<p>Vi skal giftes!!! Det bliver smukt, og det bliver s\u00f8dt. G\u00f8r dig klar til at forberede noget utroligt! En <a href=\"https:\/\/www.funidelia.dk\/hoejtider\/polterabend-for-maend-kvinder\/5868\">polterabend<\/a> kan v\u00e6re en meget speciel og mindev\u00e6rdig dag.<\/p>\n<p>Hemmeligheden bag succes? Dine venner og fantasi.<\/p>\n<p>Vi har et par unikke ideer til at hj\u00e6lpe dig med at planl\u00e6gge en virkelig speciel polterabend til din n\u00e6rmeste ven.<\/p>\n<p>Skal du tage dem et sted hen? Hvad skal man k\u00f8be, hvad man skal k\u00f8be??<\/p>\n<p>Din ven vil gifte sig, og hvis du l\u00e6ser dette, betyder det, at du forbereder noget stort, virkelig stort, til hendes polterabend. Og vi er her for at hj\u00e6lpe! Hvis der er \u00e9n ting, vi elsker, er det en god polterabend! De er sjove, sk\u00f8re, altid fede, og de fejres p\u00e5 den m\u00e5de, vi elsker mest: med seje kostumer designet specielt til lejligheden.<\/p>\n<p>Lad os give dig en h\u00e5nd med nogle polterabend kostumeideer. Lad os v\u00e6re klar til begivenheden, festen, den storsl\u00e5ede lejlighed, som du arrangerer med al k\u00e6rlighed i verden. Det har brug for et smukt, sjovt, behageligt, sexet og specielt kostume. Her er nogle af vores favoritter:<\/p>\n<h3>Kigurumis<\/h3>\n<p>Det perfekte valg, hvis din brud skal v\u00e6re komfortabel (men hvis festen er om sommeren, ville du sandsynligvis have det bedre med noget andet). <a href=\"https:\/\/www.funidelia.dk\/kostumer\/onesie-kigurumi\/5954\">Kigurumis er kostumer<\/a> i fuld krop, der f\u00f8les som pyjamas, forestil dig, hvor komfortable de vil v\u00e6re! De kommer normalt i dyretemaer eller er designet til at ligne popul\u00e6re figurer med en hat og h\u00e6tte. Tjek, hvor s\u00f8de de er!<\/p>\n<p align=\"center\"><img decoding=\"async\" src=\"https:\/\/static1.funidelia.com\/477497-f6_list\/disfraz-de-jirafa-onesie-para-adulto.jpg\" \/><img decoding=\"async\" src=\"https:\/\/static1.funidelia.com\/42051-f6_list\/disfraz-pijama-de-pinguino-adorable-para-mujer.jpg\" \/><\/p>\n<p align=\"center\"><img decoding=\"async\" src=\"https:\/\/static1.funidelia.com\/193356-f6_list\/disfraz-de-unicornio-onesie-para-adulto.jpg\" \/><img decoding=\"async\" src=\"https:\/\/static1.funidelia.com\/42018-f6_list\/disfraz-pijama-de-tigre-para-mujer.jpg\" \/><\/p>\n<h3>Kanin i en hat<\/h3>\n<p>Har deres bryllup overrasket dig, som ved magi? I s\u00e5 fald fortjener bruden at v\u00e6re kaninen i hatten.<\/p>\n<p align=\"center\"><img decoding=\"async\" src=\"https:\/\/static1.funidelia.com\/7474-f6_list\/disfraz-del-conejo-en-la-chistera.jpg\" \/><\/p>\n<h3>Eventyr kostumer<\/h3>\n<p align=\"center\"><img decoding=\"async\" src=\"https:\/\/static1.funidelia.com\/img\/blog\/s-hens-bachelor-party\/beauty-beast.JPG\" \/><\/p>\n<p>Hvis din ven lever sit helt egen eventyr, skal du kl\u00e6de hende ud som den magiske karakter i en af hendes yndlings barndomshistorier.<\/p>\n<p align=\"center\"><img decoding=\"async\" src=\"https:\/\/static1.funidelia.com\/248313-f6_list\/disfraz-de-caperucita-roja-para-mujer.jpg\" \/><img decoding=\"async\" src=\"https:\/\/static1.funidelia.com\/25279-f6_list\/disfraz-de-malefica-para-mujer.jpg\" \/><\/p>\n<p align=\"center\"><img decoding=\"async\" src=\"https:\/\/static1.funidelia.com\/38999-f6_list\/disfraz-de-blancanieves-sexy-deluxe-para-mujer.jpg\" \/><img decoding=\"async\" src=\"https:\/\/static1.funidelia.com\/10837-f6_list\/disfraz-de-bella-sexy-de-la-bella-y-la-bestia.jpg\" \/><\/p>\n<p align=\"center\"><img decoding=\"async\" src=\"https:\/\/static1.funidelia.com\/14629-f6_list\/disfraz-de-alicia-maravilla.jpg\" \/><img decoding=\"async\" src=\"https:\/\/static1.funidelia.com\/22368-f6_list\/disfraz-de-dorothy-talla-grande.jpg\" \/><\/p>\n<h3>Superhelte<\/h3>\n<p align=\"center\"><img decoding=\"async\" src=\"https:\/\/static1.funidelia.com\/img\/blog\/s-hens-bachelor-party\/catwoman.jpg\" \/><\/p>\n<p>Superhelte er vores svaghed! Du ved, at din ven allerede er en super kvinde med superkrafter, s\u00e5 g\u00f8r det officielt ved at kl\u00e6de hende ud som Catwoman, Captain America eller en Ninja Turtle. Der er et v\u00e6ld af muligheder at v\u00e6lge imellem!<\/p>\n<p align=\"center\"><img decoding=\"async\" src=\"https:\/\/static1.funidelia.com\/474151-f6_list\/disfraz-de-supergirl-para-mujer.jpg\" \/><img decoding=\"async\" src=\"https:\/\/static1.funidelia.com\/474164-f6_list\/disfraz-de-batgirl-para-mujer.jpg\" \/><\/p>\n<p align=\"center\"><img decoding=\"async\" src=\"https:\/\/static1.funidelia.com\/474163-f6_list\/disfraz-de-catwoman.jpg\" \/><img decoding=\"async\" src=\"https:\/\/static1.funidelia.com\/474135-f6_list\/disfraz-de-harley-quinn-escuadron-suicida.jpg\" \/><\/p>\n<h3>Sexet skolepige<\/h3>\n<p>Hvem har ikke dr\u00f8mt om at v\u00e6re med i videoen til Britneys \u00abBaby One More Time\u00bb? Dette er den perfekte lejlighed til at sl\u00e5 dig l\u00f8s som sexet skolepige!<\/p>\n<p align=\"center\"><img decoding=\"async\" src=\"https:\/\/static1.funidelia.com\/15809-f6_list\/disfraz-de-colegiala-presumida.jpg\" \/><img decoding=\"async\" src=\"https:\/\/static1.funidelia.com\/35664-f6_list\/disfraz-de-colegiala-aplicada-para-mujer.jpg\" \/><\/p>\n<h3>Cheerleader<\/h3>\n<p align=\"center\"><img decoding=\"async\" src=\"https:\/\/static1.funidelia.com\/img\/blog\/s-hens-bachelor-party\/cheerleader.jpg\" \/><\/p>\n<p>Hvilken god fest har ikke et team af cheerleaders? Denne klassiske, sjove id\u00e9 g\u00e5r aldrig af mode! Hvem vil ikke gerne have deres navn sunget af deres fantastiske forlovede i et cheerleader kostume?<\/p>\n<p align=\"center\"><img decoding=\"async\" src=\"https:\/\/static1.funidelia.com\/477548-f6_list\/disfraz-de-animadora.jpg\" \/><\/p>\n<h3>Pink Ladies<\/h3>\n<p align=\"center\"><img decoding=\"async\" src=\"https:\/\/static1.funidelia.com\/img\/blog\/s-hens-bachelor-party\/grease.jpg\" \/><\/p>\n<p>Festens stjerne skal naturligvis v\u00e6re bruden, men hvad med hendes gruppe af venner? G\u00e5 som Sandy and the Pink Ladies, et kostume fra 1950&#8217;erne, der aldrig g\u00e5r ud af mode. Hvem ville ikke v\u00e6re med i Grease?<\/p>\n<p align=\"center\"><img decoding=\"async\" src=\"https:\/\/static1.funidelia.com\/452058-f6_list\/chaqueta-de-pink-ladies-disfraz-grease.jpg\" \/><img decoding=\"async\" src=\"https:\/\/static1.funidelia.com\/54960-f6_list\/disfraz-de-sandy-cuero-grease-para-mujer.jpg\" \/><\/p>\n<h3>Duffwoman<\/h3>\n<p>Det mest forfriskende polterabend kostume&#8230;<\/p>\n<p align=\"center\"><img decoding=\"async\" src=\"https:\/\/static1.funidelia.com\/470629-f6_list\/disfraz-de-super-heroe-de-la-cerveza-para-mujer.jpg\" \/><img decoding=\"async\" src=\"https:\/\/static1.funidelia.com\/11186-f6_list\/disfraz-de-duffwoman-los-simpsons.jpg\" \/><\/p>\n<h3>Slikpige<\/h3>\n<p>Hvis hun er en rigtig s\u00f8d pige, vil hun v\u00e6re ustoppelig i dette muffin kostume.<\/p>\n<p align=\"center\"><img decoding=\"async\" src=\"https:\/\/static1.funidelia.com\/252361-f6_list\/disfraz-de-cupcake.jpg\" \/><\/p>\n<h3>Modepige<\/h3>\n<p>Hvis din ven elsker en god taske, skal du g\u00f8re hende til hendes foretrukne tilbeh\u00f8r og nyde en aften med shopping!<\/p>\n<p align=\"center\"><img decoding=\"async\" src=\"https:\/\/static1.funidelia.com\/470768-f6_list\/disfraz-de-bolso-rojo.jpg\" \/><\/p>\n<h2>Ideer til M\u00e6nds Polterabender<\/h2>\n<p align=\"center\"><img decoding=\"async\" src=\"https:\/\/static1.funidelia.com\/img\/blog\/s-hens-bachelor-party\/baywatch.JPG\" \/><\/p>\n<p>Der er normalt ikke s\u00e5 meget finesse, n\u00e5r det kommer til en polterabend for m\u00e6nd. Og med \u00abfinesse\u00bb mener vi medf\u00f8lelse med den stakkels brudgom. Jo mere pinligt og latterligt kostume, jo bedre!<\/p>\n<p>Hvis du pr\u00f8ver at komme med et latterligt og sjovt kostume, er Borat sandsynligvis en af de f\u00f8rste, der kommer til dig. Og vi har det! Selvf\u00f8lgelig skal vi advare dig om at det kr\u00e6ver lidt&#8230;.nosser at b\u00e6re det.<\/p>\n<p align=\"center\"><img decoding=\"async\" src=\"https:\/\/static1.funidelia.com\/26098-f6_list\/disfraz-de-borat.jpg\" \/><\/p>\n<p>Pamela Anderson i Bay Watch var et stort hit&#8230; Dette livredder kostume til m\u00e6nd er et af de mest popul\u00e6re og st\u00e6rkt anbefalede til en polterabend.<\/p>\n<p align=\"center\"><img decoding=\"async\" src=\"https:\/\/static1.funidelia.com\/22258-f6_list\/disfraz-de-vigilante-de-la-playa-melenas-para-hombre.jpg\" \/><\/p>\n<p>Eller hvad med et kostume, der b\u00e6rer din ven p\u00e5 sine skuldre? Disse Ride On og Carry Me-kostumer er rigtig sjove.<\/p>\n<p align=\"center\"><img decoding=\"async\" src=\"https:\/\/static1.funidelia.com\/26284-f6_list\/disfraz-de-torero-a-hombros-para-adulto.jpg\" \/><img decoding=\"async\" src=\"https:\/\/static1.funidelia.com\/448931-f6_list\/disfraz-a-hombros-de-sumo-para-adulto.jpg\" \/><\/p>\n<p align=\"center\"><img decoding=\"async\" src=\"https:\/\/static1.funidelia.com\/448978-f6_list\/disfraz-a-hombros-de-lobo-feroz-y-caperucita.jpg\" \/><img decoding=\"async\" src=\"https:\/\/static1.funidelia.com\/52700-f6_list\/disfraz-mario-bros-ride-on-yoshi-para-adulto.jpg\" \/><\/p>\n<p align=\"center\"><img decoding=\"async\" src=\"https:\/\/static1.funidelia.com\/56977-f6_list\/disfraz-de-la-stripper-que-me-achucho-pick-me-up-para-adulto.jpg\" \/><img decoding=\"async\" src=\"https:\/\/static1.funidelia.com\/57415-f6_list\/disfraz-a-hombros-de-tiroles-oktobefest-para-adulto.jpg\" \/><\/p>\n<h2>Tilbeh\u00f8r til Polterabender<\/h2>\n<p align=\"center\"><img decoding=\"async\" src=\"https:\/\/static1.funidelia.com\/img\/blog\/s-hens-bachelor-party\/hens-bachelor-party.jpg\" \/><\/p>\n<p>Maksimal sjov med lille pris. Den bedste m\u00e5de at kl\u00e6de sig ud som en gruppe p\u00e5 et stramt budget, er med nogle af disse tilbeh\u00f8r:<\/p>\n<p align=\"center\"><img decoding=\"async\" src=\"https:\/\/static1.funidelia.com\/53801-f6_list\/set-de-8-chapas-para-despedida-de-soltera.jpg\" \/><img decoding=\"async\" src=\"https:\/\/static1.funidelia.com\/16614-f6_list\/banda-de-despedida-de-soltera-en-rosa.jpg\" \/><\/p>\n<p align=\"center\"><img decoding=\"async\" src=\"https:\/\/static1.funidelia.com\/446154-f6_list\/banda-team-bride-rosa-para-mujer.jpg\" \/><img decoding=\"async\" src=\"https:\/\/static1.funidelia.com\/19201-f6_list\/pechotes-hinchables.jpg\" \/><\/p>\n<p>Nu er du klar til at overraske bruden eller brudgommen med nogle unikke kostumer til deres uforglemmelige fest, alt hvad du skal g\u00f8re er at komme med en god plan for gruppen.<\/p>\n<p>Og husk. For at hj\u00e6lpe dem med at glemme stresset f\u00f8r brylluppet, er det bedste, du kan g\u00f8re, at holde en fed fest!<\/p>\n<h3 style=\"text-align: center;\">Have Fun!<\/h3>\n<p align=\"center\"><iframe loading=\"lazy\" class=\"giphy-embed\" src=\"https:\/\/giphy.com\/embed\/fesbUmBpY0dxqj8x4s\" width=\"480\" height=\"271\" frameborder=\"0\" allowfullscreen=\"allowfullscreen\"><\/iframe><\/p>\n","protected":false},"excerpt":{"rendered":"<p>Tjek vores top tips til organisering af den perfekte polterabend. 1. Find en god lokation Hvis du har nok tid og et stort nok budget, ville det ideelle scenario v\u00e6re at tilbringe en weekend v\u00e6k. Det s\u00f8rger for fuldkommen afslapning og giver dig som et plus en smule anonymitet. Farvel&#8230;<\/p>\n","protected":false},"author":11,"featured_media":22080,"parent":0,"menu_order":0,"comment_status":"closed","ping_status":"closed","template":"","meta":{"footnotes":""},"yoast_head":"<!-- This site is optimized with the Yoast SEO plugin v23.0 - https:\/\/yoast.com\/wordpress\/plugins\/seo\/ -->\n<title>Kostumeideer til Polterabender<\/title>\n<meta name=\"description\" content=\"Opdag de bedste kostumeideer til polterabender\" \/>\n<meta name=\"robots\" content=\"index, follow, max-snippet:-1, max-image-preview:large, max-video-preview:-1\" \/>\n<link rel=\"canonical\" href=\"http:\/\/www.funidelia.dk\/blog\/polterabend-kostumer\/\" \/>\n<meta property=\"og:locale\" content=\"es_ES\" \/>\n<meta property=\"og:type\" content=\"article\" \/>\n<meta property=\"og:title\" content=\"Kostumeideer til Polterabender\" \/>\n<meta property=\"og:description\" content=\"Opdag de bedste kostumeideer til polterabender\" \/>\n<meta property=\"og:url\" content=\"http:\/\/www.funidelia.dk\/blog\/polterabend-kostumer\/\" \/>\n<meta property=\"og:site_name\" content=\"Funidelia Blog\" \/>\n<meta property=\"article:publisher\" content=\"https:\/\/www.facebook.com\/funidelia\" \/>\n<meta property=\"article:modified_time\" content=\"2024-06-24T08:38:40+00:00\" \/>\n<meta property=\"og:image\" content=\"http:\/\/www.funidelia.dk\/blog\/wp-content\/uploads\/2020\/02\/bachelor-party.jpg\" \/>\n\t<meta property=\"og:image:width\" content=\"788\" \/>\n\t<meta property=\"og:image:height\" content=\"534\" \/>\n\t<meta property=\"og:image:type\" content=\"image\/jpeg\" \/>\n<meta name=\"twitter:card\" content=\"summary_large_image\" \/>\n<meta name=\"twitter:site\" content=\"@funidelia\" \/>\n<meta name=\"twitter:label1\" content=\"Tiempo de lectura\" \/>\n\t<meta name=\"twitter:data1\" content=\"5 minutos\" \/>\n<script type=\"application\/ld+json\" class=\"yoast-schema-graph\">{\"@context\":\"https:\/\/schema.org\",\"@graph\":[{\"@type\":\"WebPage\",\"@id\":\"http:\/\/www.funidelia.dk\/blog\/polterabend-kostumer\/\",\"url\":\"http:\/\/www.funidelia.dk\/blog\/polterabend-kostumer\/\",\"name\":\"Kostumeideer til Polterabender\",\"isPartOf\":{\"@id\":\"http:\/\/www.funidelia.dk\/blog\/#website\"},\"primaryImageOfPage\":{\"@id\":\"http:\/\/www.funidelia.dk\/blog\/polterabend-kostumer\/#primaryimage\"},\"image\":{\"@id\":\"http:\/\/www.funidelia.dk\/blog\/polterabend-kostumer\/#primaryimage\"},\"thumbnailUrl\":\"http:\/\/www.funidelia.dk\/blog\/wp-content\/uploads\/2020\/02\/bachelor-party.jpg\",\"datePublished\":\"2020-02-27T15:45:21+00:00\",\"dateModified\":\"2024-06-24T08:38:40+00:00\",\"description\":\"Opdag de bedste kostumeideer til polterabender\",\"breadcrumb\":{\"@id\":\"http:\/\/www.funidelia.dk\/blog\/polterabend-kostumer\/#breadcrumb\"},\"inLanguage\":\"es\",\"potentialAction\":[{\"@type\":\"ReadAction\",\"target\":[\"http:\/\/www.funidelia.dk\/blog\/polterabend-kostumer\/\"]}]},{\"@type\":\"ImageObject\",\"inLanguage\":\"es\",\"@id\":\"http:\/\/www.funidelia.dk\/blog\/polterabend-kostumer\/#primaryimage\",\"url\":\"http:\/\/www.funidelia.dk\/blog\/wp-content\/uploads\/2020\/02\/bachelor-party.jpg\",\"contentUrl\":\"http:\/\/www.funidelia.dk\/blog\/wp-content\/uploads\/2020\/02\/bachelor-party.jpg\",\"width\":788,\"height\":534},{\"@type\":\"BreadcrumbList\",\"@id\":\"http:\/\/www.funidelia.dk\/blog\/polterabend-kostumer\/#breadcrumb\",\"itemListElement\":[{\"@type\":\"ListItem\",\"position\":1,\"name\":\"Portada\",\"item\":\"http:\/\/www.funidelia.dk\/blog\/\"},{\"@type\":\"ListItem\",\"position\":2,\"name\":\"Polterabend\"}]},{\"@type\":\"WebSite\",\"@id\":\"http:\/\/www.funidelia.dk\/blog\/#website\",\"url\":\"http:\/\/www.funidelia.dk\/blog\/\",\"name\":\"Funidelia Blog\",\"description\":\"\",\"publisher\":{\"@id\":\"http:\/\/www.funidelia.dk\/blog\/#organization\"},\"potentialAction\":[{\"@type\":\"SearchAction\",\"target\":{\"@type\":\"EntryPoint\",\"urlTemplate\":\"http:\/\/www.funidelia.dk\/blog\/?s={search_term_string}\"},\"query-input\":\"required name=search_term_string\"}],\"inLanguage\":\"es\"},{\"@type\":\"Organization\",\"@id\":\"http:\/\/www.funidelia.dk\/blog\/#organization\",\"name\":\"Funidelia\",\"url\":\"http:\/\/www.funidelia.dk\/blog\/\",\"logo\":{\"@type\":\"ImageObject\",\"inLanguage\":\"es\",\"@id\":\"http:\/\/www.funidelia.dk\/blog\/#\/schema\/logo\/image\/\",\"url\":\"\",\"contentUrl\":\"\",\"caption\":\"Funidelia\"},\"image\":{\"@id\":\"http:\/\/www.funidelia.dk\/blog\/#\/schema\/logo\/image\/\"},\"sameAs\":[\"https:\/\/www.facebook.com\/funidelia\",\"https:\/\/x.com\/funidelia\",\"https:\/\/www.instagram.com\/funidelia\/\",\"https:\/\/linkedin.com\/company\/funidelia\",\"https:\/\/es.pinterest.com\/funidelia\/\",\"https:\/\/www.youtube.com\/user\/FunideliaEs\/\"]}]}<\/script>\n<!-- \/ Yoast SEO plugin. -->","yoast_head_json":{"title":"Kostumeideer til Polterabender","description":"Opdag de bedste kostumeideer til polterabender","robots":{"index":"index","follow":"follow","max-snippet":"max-snippet:-1","max-image-preview":"max-image-preview:large","max-video-preview":"max-video-preview:-1"},"canonical":"http:\/\/www.funidelia.dk\/blog\/polterabend-kostumer\/","og_locale":"es_ES","og_type":"article","og_title":"Kostumeideer til Polterabender","og_description":"Opdag de bedste kostumeideer til polterabender","og_url":"http:\/\/www.funidelia.dk\/blog\/polterabend-kostumer\/","og_site_name":"Funidelia Blog","article_publisher":"https:\/\/www.facebook.com\/funidelia","article_modified_time":"2024-06-24T08:38:40+00:00","og_image":[{"width":788,"height":534,"url":"http:\/\/www.funidelia.dk\/blog\/wp-content\/uploads\/2020\/02\/bachelor-party.jpg","type":"image\/jpeg"}],"twitter_card":"summary_large_image","twitter_site":"@funidelia","twitter_misc":{"Tiempo de lectura":"5 minutos"},"schema":{"@context":"https:\/\/schema.org","@graph":[{"@type":"WebPage","@id":"http:\/\/www.funidelia.dk\/blog\/polterabend-kostumer\/","url":"http:\/\/www.funidelia.dk\/blog\/polterabend-kostumer\/","name":"Kostumeideer til Polterabender","isPartOf":{"@id":"http:\/\/www.funidelia.dk\/blog\/#website"},"primaryImageOfPage":{"@id":"http:\/\/www.funidelia.dk\/blog\/polterabend-kostumer\/#primaryimage"},"image":{"@id":"http:\/\/www.funidelia.dk\/blog\/polterabend-kostumer\/#primaryimage"},"thumbnailUrl":"http:\/\/www.funidelia.dk\/blog\/wp-content\/uploads\/2020\/02\/bachelor-party.jpg","datePublished":"2020-02-27T15:45:21+00:00","dateModified":"2024-06-24T08:38:40+00:00","description":"Opdag de bedste kostumeideer til polterabender","breadcrumb":{"@id":"http:\/\/www.funidelia.dk\/blog\/polterabend-kostumer\/#breadcrumb"},"inLanguage":"es","potentialAction":[{"@type":"ReadAction","target":["http:\/\/www.funidelia.dk\/blog\/polterabend-kostumer\/"]}]},{"@type":"ImageObject","inLanguage":"es","@id":"http:\/\/www.funidelia.dk\/blog\/polterabend-kostumer\/#primaryimage","url":"http:\/\/www.funidelia.dk\/blog\/wp-content\/uploads\/2020\/02\/bachelor-party.jpg","contentUrl":"http:\/\/www.funidelia.dk\/blog\/wp-content\/uploads\/2020\/02\/bachelor-party.jpg","width":788,"height":534},{"@type":"BreadcrumbList","@id":"http:\/\/www.funidelia.dk\/blog\/polterabend-kostumer\/#breadcrumb","itemListElement":[{"@type":"ListItem","position":1,"name":"Portada","item":"http:\/\/www.funidelia.dk\/blog\/"},{"@type":"ListItem","position":2,"name":"Polterabend"}]},{"@type":"WebSite","@id":"http:\/\/www.funidelia.dk\/blog\/#website","url":"http:\/\/www.funidelia.dk\/blog\/","name":"Funidelia Blog","description":"","publisher":{"@id":"http:\/\/www.funidelia.dk\/blog\/#organization"},"potentialAction":[{"@type":"SearchAction","target":{"@type":"EntryPoint","urlTemplate":"http:\/\/www.funidelia.dk\/blog\/?s={search_term_string}"},"query-input":"required name=search_term_string"}],"inLanguage":"es"},{"@type":"Organization","@id":"http:\/\/www.funidelia.dk\/blog\/#organization","name":"Funidelia","url":"http:\/\/www.funidelia.dk\/blog\/","logo":{"@type":"ImageObject","inLanguage":"es","@id":"http:\/\/www.funidelia.dk\/blog\/#\/schema\/logo\/image\/","url":"","contentUrl":"","caption":"Funidelia"},"image":{"@id":"http:\/\/www.funidelia.dk\/blog\/#\/schema\/logo\/image\/"},"sameAs":["https:\/\/www.facebook.com\/funidelia","https:\/\/x.com\/funidelia","https:\/\/www.instagram.com\/funidelia\/","https:\/\/linkedin.com\/company\/funidelia","https:\/\/es.pinterest.com\/funidelia\/","https:\/\/www.youtube.com\/user\/FunideliaEs\/"]}]}},"_links":{"self":[{"href":"http:\/\/www.funidelia.dk\/blog\/wp-json\/wp\/v2\/pages\/22052"}],"collection":[{"href":"http:\/\/www.funidelia.dk\/blog\/wp-json\/wp\/v2\/pages"}],"about":[{"href":"http:\/\/www.funidelia.dk\/blog\/wp-json\/wp\/v2\/types\/page"}],"author":[{"embeddable":true,"href":"http:\/\/www.funidelia.dk\/blog\/wp-json\/wp\/v2\/users\/11"}],"replies":[{"embeddable":true,"href":"http:\/\/www.funidelia.dk\/blog\/wp-json\/wp\/v2\/comments?post=22052"}],"version-history":[{"count":6,"href":"http:\/\/www.funidelia.dk\/blog\/wp-json\/wp\/v2\/pages\/22052\/revisions"}],"predecessor-version":[{"id":22698,"href":"http:\/\/www.funidelia.dk\/blog\/wp-json\/wp\/v2\/pages\/22052\/revisions\/22698"}],"wp:featuredmedia":[{"embeddable":true,"href":"http:\/\/www.funidelia.dk\/blog\/wp-json\/wp\/v2\/media\/22080"}],"wp:attachment":[{"href":"http:\/\/www.funidelia.dk\/blog\/wp-json\/wp\/v2\/media?parent=22052"}],"curies":[{"name":"wp","href":"https:\/\/api.w.org\/{rel}","templated":true}]}}
