{"id":22139,"date":"2020-07-14T10:03:46","date_gmt":"2020-07-14T08:03:46","guid":{"rendered":"http:\/\/www.funidelia.dk\/blog\/?page_id=22139"},"modified":"2024-06-24T10:00:30","modified_gmt":"2024-06-24T08:00:30","slug":"bryllupsdekorationer","status":"publish","type":"page","link":"http:\/\/www.funidelia.dk\/blog\/bryllupsdekorationer\/","title":{"rendered":"Bryllupsdekorationer, du har brug for til din store dag"},"content":{"rendered":"<p>Et bryllup er en meget speciel dag for par. Og den betydning og h\u00f8je organisationsniveau g\u00f8r det helt sikkert meget stressende. S\u00e5 vi vil hj\u00e6lpe dig med at g\u00f8re denne opgave en smule lettere og hj\u00e6lpe dig med at tilpasse dit budget til nogle personlige <strong>bryllupsdekorationer<\/strong> og styre hver lille detalje for at skabe den perfekte dag.<\/p>\n<p>For det f\u00f8rste skal du finde ud af de vigtigste ting, du skal huske p\u00e5, n\u00e5r du arrangerer et bryllup.<\/p>\n<h2>De vigtigste aspekter ved bryllupsorganisation<\/h2>\n<ol>\n<li>Du bliver f\u00f8rst n\u00f8dt til at finde ud af, <strong>hvilken slags bryllup det skal v\u00e6re<\/strong>. Et kirkebryllup, p\u00e5 en lade, en restaurant, en strand, om det skal v\u00e6re om morgenen eller eftermiddagen osv. N\u00e5r du f\u00f8rst har bestemt dig for placeringen, datoen og klokkesl\u00e6ttet, har du allerede taget det f\u00f8rste stort skridt.<\/li>\n<li>Det n\u00e6ste du skal definere, er <strong>stilen<\/strong>. Skal det v\u00e6re et temabryllup, black tie, eller er g\u00e6sterne frie til at b\u00e6re, hvad de vil??<\/li>\n<li>Derefter skal du finde en god <strong>fotograf<\/strong> og beslutte, om du vil have lavet en bryllupsvideo. Det er ogs\u00e5 en god ide at v\u00e6lge <strong>brudens kjole og gommens jakkes\u00e6t<\/strong> p\u00e5 forh\u00e5nd, s\u00e5 du har tid til forskellige fittings og justeringer. Is\u00e6r n\u00e5r det kommer til bruden.<\/li>\n<li>N\u00e5r du f\u00f8rst har f\u00e5et alt dette gjort, eller i det mindste organiseret, er det tid til at begynde at t\u00e6nke p\u00e5 <a href=\"\/bryllup-dekorationer\/8495\">bryllupsdekorationer<\/a>. Du kan leje en bryllupsplanl\u00e6gger til at hj\u00e6lpe dig med dette, men det er dyrt, og du vil stadig v\u00e6re den, der tr\u00e6ffer alle beslutningerne. Du kan ogs\u00e5 v\u00e6lge at organisere det selv, lidt efter lidt, helt efter din egen smag. For at hj\u00e6lpe dig vil vi give dig alle oplysninger om, hvad du har brug for, samt ideer der kan inspirere dig til at skabe den mest dyrebare og uforglemmelige bryllupsdag.<\/li>\n<\/ol>\n<p align=\"center\"><img decoding=\"async\" src=\"https:\/\/static1.funidelia.com\/img\/blog\/s-wedding-decorations\/bride-groom.jpg\" \/><\/p>\n<h2>Alt hvad du skal bruge til at dekorere dit bryllup<\/h2>\n<p>Det er ikke let at dekorere et bryllup, der er mange detaljer, man skal huske p\u00e5, men med lidt tid og t\u00e5lmodighed vil alt blive perfekt. Hvad er der at t\u00e6nke p\u00e5, n\u00e5r det kommer til dekoration?<\/p>\n<ul>\n<li style=\"list-style-type: none;\">\n<ul>\n<li style=\"list-style-type: none;\">\n<ul>\n<li><a href=\"\/bryllup-fotoboks\/8507\">Photocall og Photobooth<\/a>: Skab et godt rum, hvor g\u00e6sterne kan tage sjove fotos, b\u00e5de med det glade par og hinanden &#8211; det er vigtigt! For at g\u00f8re det skal i oprette en baggrund med jeres navne eller datoen for jeres bryllup og inkludere et foto af jer begge. Frem for alt skal i finde noget sjovt tilbeh\u00f8r, g\u00e6sterne kan pr\u00f8ve p\u00e5.<\/li>\n<\/ul>\n<\/li>\n<\/ul>\n<\/li>\n<\/ul>\n<p align=\"center\"><img decoding=\"async\" src=\"https:\/\/static1.funidelia.com\/img\/blog\/s-wedding-decorations\/photocall.jpg\" \/><\/p>\n<ul>\n<li style=\"list-style-type: none;\">\n<ul>\n<li style=\"list-style-type: none;\">\n<ul>\n<li><a href=\"\/bryllup-borddekorationer\/8500\">Borddekorationer<\/a>: Det er ogs\u00e5 vigtigt at dekorere det sted, hvor dine g\u00e6ster spiser, med nogle smukke detaljer. Find en dejlig dug, normalt vil lokaliteten give dig masser af muligheder, og dekor\u00e9r den derefter med nogle flotte ting, stearinlys, konfetti, bordl\u00f8bere, dekorativt b\u00e5nd osv.<\/li>\n<\/ul>\n<\/li>\n<\/ul>\n<\/li>\n<\/ul>\n<p align=\"center\"><img decoding=\"async\" src=\"https:\/\/static1.funidelia.com\/img\/blog\/s-wedding-decorations\/table.jpg\" \/><\/p>\n<ul>\n<li style=\"list-style-type: none;\">\n<ul>\n<li><a href=\"\/bryllup-guirlander-og-flagduge\/8502\">Udsmykning af receptionen<\/a>: Brug h\u00e6ngende dekorationer som kranse, papirlygter og bannere med forskellige beskeder, som du kan h\u00e6nge rundt i rummet. \u00abJust Married\u00bb, \u00abWelcome\u00bb og \u00abLove is Sweet\u00bb guirlander, eller individualiserede kranse med jeres navne p\u00e5, er gode muligheder, du kan bruge til at dekorere jeres reception.<\/li>\n<\/ul>\n<\/li>\n<\/ul>\n<p align=\"center\"><img decoding=\"async\" src=\"https:\/\/static1.funidelia.com\/img\/blog\/s-wedding-decorations\/lights.jpg\" \/><\/p>\n<ul>\n<li style=\"list-style-type: none;\">\n<ul>\n<li style=\"list-style-type: none;\">\n<ul>\n<li><a href=\"\/bryllup-bordplaner-og-bryllupsreceptions-pladser\/8497\">Siddeplan:<\/a> Det er vigtigt for dine g\u00e6ster at vide, hvilket bord de sidder ved, s\u00e5 du bliver n\u00f8dt til at lave en god siddeplan. Dette er en korttype, der viser alle de forskellige borde, og hvor dine g\u00e6ster sidder. For at g\u00f8re dette, kan du nummerere dine borde eller navngive dem noget specielt, som film, du kan lide, byer eller lande, du har rejst til&#8230; Derefter kan du ved hvert bord vedh\u00e6fte et bestemt billede eller et kort for at identificere det.<\/li>\n<\/ul>\n<\/li>\n<\/ul>\n<\/li>\n<\/ul>\n<p align=\"center\"><img decoding=\"async\" src=\"https:\/\/static1.funidelia.com\/img\/blog\/s-wedding-decorations\/seating.jpg\" \/><\/p>\n<ul>\n<li style=\"list-style-type: none;\">\n<ul>\n<li style=\"list-style-type: none;\">\n<ul>\n<li><a href=\"\/cocktail-candy-bar\/6256\">Slikbar:<\/a> Natten er her, og det samme er festen. Hvad er bedre end at parre et glas vin med end noget slik. Det er, hvad slikbaren er til. Et bord fuld af slik og chokolade. For at organisere det skal du samle nogle forskellige kasser, krukker og dekorative tallerkner, der matcher resten af bryllupsindretningen. Glem ikke suger\u00f8r, tandstikker og dekorationer som kranse, balloner og dekorative vifter.<\/li>\n<\/ul>\n<\/li>\n<\/ul>\n<\/li>\n<\/ul>\n<p align=\"center\"><img decoding=\"async\" src=\"https:\/\/static1.funidelia.com\/img\/blog\/s-wedding-decorations\/candy-bar.jpg\" \/><\/p>\n<ul>\n<li style=\"list-style-type: none;\">\n<ul>\n<li style=\"list-style-type: none;\">\n<ul>\n<li><a href=\"\/bryllups-bildekorationer\/8408\">Bryllupsbildekorationer<\/a>: Der er masser af muligheder her, s\u00e5 du kan bestemme, hvad du vil have. Det kan v\u00e6re en god ide at v\u00e6lge filminspirerede dekorationer ved at binde nogle aluminiumsd\u00e5ser til kofangeren, der spreder sig p\u00e5 vejen, mens i k\u00f8rer. Vi har nogle dekorative d\u00e5ser pr\u00e6cis til dette. Eller noget enklere, med nogle sl\u00f8jfer p\u00e5 d\u00f8rene og et \u00abJust Married\u00bb skilt eller et personaliseret banner, sp\u00e6ndt p\u00e5 bagsiden for et strejf af sjov.<\/li>\n<\/ul>\n<\/li>\n<\/ul>\n<\/li>\n<\/ul>\n<p align=\"center\"><img decoding=\"async\" src=\"https:\/\/static1.funidelia.com\/img\/blog\/s-wedding-decorations\/car-deco.jpg\" \/><\/p>\n<ul>\n<li style=\"list-style-type: none;\">\n<ul>\n<li style=\"list-style-type: none;\">\n<ul>\n<li><a href=\"\/vielsesrings-holdere\/8435\">\u00c6sker til vielsesringene:<\/a> De dyrebare ringe, som i tager p\u00e5 under ceremonien for at indikere det l\u00f8fte, i giver, hvad enten det er i en kirke eller ved en civil ceremoni, fortjener at blive opbevaret i en smuk kasse eller \u00e6ske. Udover klassiske glaskasser, har vi nogle mere unikke muligheder, som en lille tr\u00e6stamme med plads til to ringe eller raffiapuder med plads til at placere ringe p\u00e5 toppen.<\/li>\n<\/ul>\n<\/li>\n<\/ul>\n<\/li>\n<\/ul>\n<p align=\"center\"><img decoding=\"async\" src=\"https:\/\/static1.funidelia.com\/img\/blog\/s-wedding-decorations\/rings.jpg\" \/><\/p>\n<p>Ingen detaljer kan undslippe dig med disse tips! Vi har nogle gode kvalitetsmuligheder og billigere muligheder for nem dekorering. Find din stil, og alt andet kommer af sig selv.<\/p>\n<h3 style=\"text-align: center;\">Let&#8217;s get married!<\/h3>\n<p align=\"center\"><iframe loading=\"lazy\" class=\"giphy-embed\" src=\"https:\/\/giphy.com\/embed\/5vef4sn8zhnlC\" width=\"480\" height=\"270\" frameborder=\"0\" allowfullscreen=\"allowfullscreen\"><\/iframe><\/p>\n","protected":false},"excerpt":{"rendered":"<p>Et bryllup er en meget speciel dag for par. Og den betydning og h\u00f8je organisationsniveau g\u00f8r det helt sikkert meget stressende. S\u00e5 vi vil hj\u00e6lpe dig med at g\u00f8re denne opgave en smule lettere og hj\u00e6lpe dig med at tilpasse dit budget til nogle personlige bryllupsdekorationer og styre hver lille&#8230;<\/p>\n","protected":false},"author":21,"featured_media":22136,"parent":0,"menu_order":0,"comment_status":"closed","ping_status":"closed","template":"","meta":{"footnotes":""},"yoast_head":"<!-- This site is optimized with the Yoast SEO plugin v23.0 - https:\/\/yoast.com\/wordpress\/plugins\/seo\/ -->\n<title>Bryllupsdekorationer: Unikke ideer til din store dag!<\/title>\n<meta name=\"description\" content=\"Opdag gode ideer til, hvordan du dekorerer dit bryllup: Guirlander, bryllupsbildekorationer, balloner og fotocall til din store dag.\" \/>\n<meta name=\"robots\" content=\"index, follow, max-snippet:-1, max-image-preview:large, max-video-preview:-1\" \/>\n<link rel=\"canonical\" href=\"http:\/\/www.funidelia.dk\/blog\/bryllupsdekorationer\/\" \/>\n<meta property=\"og:locale\" content=\"es_ES\" \/>\n<meta property=\"og:type\" content=\"article\" \/>\n<meta property=\"og:title\" content=\"Bryllupsdekorationer: Unikke ideer til din store dag!\" \/>\n<meta property=\"og:description\" content=\"Opdag gode ideer til, hvordan du dekorerer dit bryllup: Guirlander, bryllupsbildekorationer, balloner og fotocall til din store dag.\" \/>\n<meta property=\"og:url\" content=\"http:\/\/www.funidelia.dk\/blog\/bryllupsdekorationer\/\" \/>\n<meta property=\"og:site_name\" content=\"Funidelia Blog\" \/>\n<meta property=\"article:publisher\" content=\"https:\/\/www.facebook.com\/funidelia\" \/>\n<meta property=\"article:modified_time\" content=\"2024-06-24T08:00:30+00:00\" \/>\n<meta property=\"og:image\" content=\"http:\/\/www.funidelia.dk\/blog\/wp-content\/uploads\/2020\/07\/wedding-deco.jpg\" \/>\n\t<meta property=\"og:image:width\" content=\"788\" \/>\n\t<meta property=\"og:image:height\" content=\"534\" \/>\n\t<meta property=\"og:image:type\" content=\"image\/jpeg\" \/>\n<meta name=\"twitter:card\" content=\"summary_large_image\" \/>\n<meta name=\"twitter:site\" content=\"@funidelia\" \/>\n<meta name=\"twitter:label1\" content=\"Tiempo de lectura\" \/>\n\t<meta name=\"twitter:data1\" content=\"4 minutos\" \/>\n<script type=\"application\/ld+json\" class=\"yoast-schema-graph\">{\"@context\":\"https:\/\/schema.org\",\"@graph\":[{\"@type\":\"WebPage\",\"@id\":\"http:\/\/www.funidelia.dk\/blog\/bryllupsdekorationer\/\",\"url\":\"http:\/\/www.funidelia.dk\/blog\/bryllupsdekorationer\/\",\"name\":\"Bryllupsdekorationer: Unikke ideer til din store dag!\",\"isPartOf\":{\"@id\":\"http:\/\/www.funidelia.dk\/blog\/#website\"},\"primaryImageOfPage\":{\"@id\":\"http:\/\/www.funidelia.dk\/blog\/bryllupsdekorationer\/#primaryimage\"},\"image\":{\"@id\":\"http:\/\/www.funidelia.dk\/blog\/bryllupsdekorationer\/#primaryimage\"},\"thumbnailUrl\":\"http:\/\/www.funidelia.dk\/blog\/wp-content\/uploads\/2020\/07\/wedding-deco.jpg\",\"datePublished\":\"2020-07-14T08:03:46+00:00\",\"dateModified\":\"2024-06-24T08:00:30+00:00\",\"description\":\"Opdag gode ideer til, hvordan du dekorerer dit bryllup: Guirlander, bryllupsbildekorationer, balloner og fotocall til din store dag.\",\"breadcrumb\":{\"@id\":\"http:\/\/www.funidelia.dk\/blog\/bryllupsdekorationer\/#breadcrumb\"},\"inLanguage\":\"es\",\"potentialAction\":[{\"@type\":\"ReadAction\",\"target\":[\"http:\/\/www.funidelia.dk\/blog\/bryllupsdekorationer\/\"]}]},{\"@type\":\"ImageObject\",\"inLanguage\":\"es\",\"@id\":\"http:\/\/www.funidelia.dk\/blog\/bryllupsdekorationer\/#primaryimage\",\"url\":\"http:\/\/www.funidelia.dk\/blog\/wp-content\/uploads\/2020\/07\/wedding-deco.jpg\",\"contentUrl\":\"http:\/\/www.funidelia.dk\/blog\/wp-content\/uploads\/2020\/07\/wedding-deco.jpg\",\"width\":788,\"height\":534},{\"@type\":\"BreadcrumbList\",\"@id\":\"http:\/\/www.funidelia.dk\/blog\/bryllupsdekorationer\/#breadcrumb\",\"itemListElement\":[{\"@type\":\"ListItem\",\"position\":1,\"name\":\"Portada\",\"item\":\"http:\/\/www.funidelia.dk\/blog\/\"},{\"@type\":\"ListItem\",\"position\":2,\"name\":\"Bryllupsdekorationer, du har brug for til din store dag\"}]},{\"@type\":\"WebSite\",\"@id\":\"http:\/\/www.funidelia.dk\/blog\/#website\",\"url\":\"http:\/\/www.funidelia.dk\/blog\/\",\"name\":\"Funidelia Blog\",\"description\":\"\",\"publisher\":{\"@id\":\"http:\/\/www.funidelia.dk\/blog\/#organization\"},\"potentialAction\":[{\"@type\":\"SearchAction\",\"target\":{\"@type\":\"EntryPoint\",\"urlTemplate\":\"http:\/\/www.funidelia.dk\/blog\/?s={search_term_string}\"},\"query-input\":\"required name=search_term_string\"}],\"inLanguage\":\"es\"},{\"@type\":\"Organization\",\"@id\":\"http:\/\/www.funidelia.dk\/blog\/#organization\",\"name\":\"Funidelia\",\"url\":\"http:\/\/www.funidelia.dk\/blog\/\",\"logo\":{\"@type\":\"ImageObject\",\"inLanguage\":\"es\",\"@id\":\"http:\/\/www.funidelia.dk\/blog\/#\/schema\/logo\/image\/\",\"url\":\"\",\"contentUrl\":\"\",\"caption\":\"Funidelia\"},\"image\":{\"@id\":\"http:\/\/www.funidelia.dk\/blog\/#\/schema\/logo\/image\/\"},\"sameAs\":[\"https:\/\/www.facebook.com\/funidelia\",\"https:\/\/x.com\/funidelia\",\"https:\/\/www.instagram.com\/funidelia\/\",\"https:\/\/linkedin.com\/company\/funidelia\",\"https:\/\/es.pinterest.com\/funidelia\/\",\"https:\/\/www.youtube.com\/user\/FunideliaEs\/\"]}]}<\/script>\n<!-- \/ Yoast SEO plugin. -->","yoast_head_json":{"title":"Bryllupsdekorationer: Unikke ideer til din store dag!","description":"Opdag gode ideer til, hvordan du dekorerer dit bryllup: Guirlander, bryllupsbildekorationer, balloner og fotocall til din store dag.","robots":{"index":"index","follow":"follow","max-snippet":"max-snippet:-1","max-image-preview":"max-image-preview:large","max-video-preview":"max-video-preview:-1"},"canonical":"http:\/\/www.funidelia.dk\/blog\/bryllupsdekorationer\/","og_locale":"es_ES","og_type":"article","og_title":"Bryllupsdekorationer: Unikke ideer til din store dag!","og_description":"Opdag gode ideer til, hvordan du dekorerer dit bryllup: Guirlander, bryllupsbildekorationer, balloner og fotocall til din store dag.","og_url":"http:\/\/www.funidelia.dk\/blog\/bryllupsdekorationer\/","og_site_name":"Funidelia Blog","article_publisher":"https:\/\/www.facebook.com\/funidelia","article_modified_time":"2024-06-24T08:00:30+00:00","og_image":[{"width":788,"height":534,"url":"http:\/\/www.funidelia.dk\/blog\/wp-content\/uploads\/2020\/07\/wedding-deco.jpg","type":"image\/jpeg"}],"twitter_card":"summary_large_image","twitter_site":"@funidelia","twitter_misc":{"Tiempo de lectura":"4 minutos"},"schema":{"@context":"https:\/\/schema.org","@graph":[{"@type":"WebPage","@id":"http:\/\/www.funidelia.dk\/blog\/bryllupsdekorationer\/","url":"http:\/\/www.funidelia.dk\/blog\/bryllupsdekorationer\/","name":"Bryllupsdekorationer: Unikke ideer til din store dag!","isPartOf":{"@id":"http:\/\/www.funidelia.dk\/blog\/#website"},"primaryImageOfPage":{"@id":"http:\/\/www.funidelia.dk\/blog\/bryllupsdekorationer\/#primaryimage"},"image":{"@id":"http:\/\/www.funidelia.dk\/blog\/bryllupsdekorationer\/#primaryimage"},"thumbnailUrl":"http:\/\/www.funidelia.dk\/blog\/wp-content\/uploads\/2020\/07\/wedding-deco.jpg","datePublished":"2020-07-14T08:03:46+00:00","dateModified":"2024-06-24T08:00:30+00:00","description":"Opdag gode ideer til, hvordan du dekorerer dit bryllup: Guirlander, bryllupsbildekorationer, balloner og fotocall til din store dag.","breadcrumb":{"@id":"http:\/\/www.funidelia.dk\/blog\/bryllupsdekorationer\/#breadcrumb"},"inLanguage":"es","potentialAction":[{"@type":"ReadAction","target":["http:\/\/www.funidelia.dk\/blog\/bryllupsdekorationer\/"]}]},{"@type":"ImageObject","inLanguage":"es","@id":"http:\/\/www.funidelia.dk\/blog\/bryllupsdekorationer\/#primaryimage","url":"http:\/\/www.funidelia.dk\/blog\/wp-content\/uploads\/2020\/07\/wedding-deco.jpg","contentUrl":"http:\/\/www.funidelia.dk\/blog\/wp-content\/uploads\/2020\/07\/wedding-deco.jpg","width":788,"height":534},{"@type":"BreadcrumbList","@id":"http:\/\/www.funidelia.dk\/blog\/bryllupsdekorationer\/#breadcrumb","itemListElement":[{"@type":"ListItem","position":1,"name":"Portada","item":"http:\/\/www.funidelia.dk\/blog\/"},{"@type":"ListItem","position":2,"name":"Bryllupsdekorationer, du har brug for til din store dag"}]},{"@type":"WebSite","@id":"http:\/\/www.funidelia.dk\/blog\/#website","url":"http:\/\/www.funidelia.dk\/blog\/","name":"Funidelia Blog","description":"","publisher":{"@id":"http:\/\/www.funidelia.dk\/blog\/#organization"},"potentialAction":[{"@type":"SearchAction","target":{"@type":"EntryPoint","urlTemplate":"http:\/\/www.funidelia.dk\/blog\/?s={search_term_string}"},"query-input":"required name=search_term_string"}],"inLanguage":"es"},{"@type":"Organization","@id":"http:\/\/www.funidelia.dk\/blog\/#organization","name":"Funidelia","url":"http:\/\/www.funidelia.dk\/blog\/","logo":{"@type":"ImageObject","inLanguage":"es","@id":"http:\/\/www.funidelia.dk\/blog\/#\/schema\/logo\/image\/","url":"","contentUrl":"","caption":"Funidelia"},"image":{"@id":"http:\/\/www.funidelia.dk\/blog\/#\/schema\/logo\/image\/"},"sameAs":["https:\/\/www.facebook.com\/funidelia","https:\/\/x.com\/funidelia","https:\/\/www.instagram.com\/funidelia\/","https:\/\/linkedin.com\/company\/funidelia","https:\/\/es.pinterest.com\/funidelia\/","https:\/\/www.youtube.com\/user\/FunideliaEs\/"]}]}},"_links":{"self":[{"href":"http:\/\/www.funidelia.dk\/blog\/wp-json\/wp\/v2\/pages\/22139"}],"collection":[{"href":"http:\/\/www.funidelia.dk\/blog\/wp-json\/wp\/v2\/pages"}],"about":[{"href":"http:\/\/www.funidelia.dk\/blog\/wp-json\/wp\/v2\/types\/page"}],"author":[{"embeddable":true,"href":"http:\/\/www.funidelia.dk\/blog\/wp-json\/wp\/v2\/users\/21"}],"replies":[{"embeddable":true,"href":"http:\/\/www.funidelia.dk\/blog\/wp-json\/wp\/v2\/comments?post=22139"}],"version-history":[{"count":3,"href":"http:\/\/www.funidelia.dk\/blog\/wp-json\/wp\/v2\/pages\/22139\/revisions"}],"predecessor-version":[{"id":22676,"href":"http:\/\/www.funidelia.dk\/blog\/wp-json\/wp\/v2\/pages\/22139\/revisions\/22676"}],"wp:featuredmedia":[{"embeddable":true,"href":"http:\/\/www.funidelia.dk\/blog\/wp-json\/wp\/v2\/media\/22136"}],"wp:attachment":[{"href":"http:\/\/www.funidelia.dk\/blog\/wp-json\/wp\/v2\/media?parent=22139"}],"curies":[{"name":"wp","href":"https:\/\/api.w.org\/{rel}","templated":true}]}}
